Calculate the highest common divisor of 2443220 and 520.
260
Calculate the highest common divisor of 6314269 and 10172.
2543
Calculate the greatest common factor of 17433 and 109713617.
1937
Calculate the highest common divisor of 95 and 1472465.
5
Calculate the highest common divisor of 7124 and 12607699.
1781
What is the greatest common divisor of 17118 and 2777554?
634
What is the highest common factor of 7480 and 2375560?
440
Calculate the greatest common factor of 4004 and 120339219.
1001
Calculate the highest common factor of 1081268 and 996.
4
Calculate the greatest common divisor of 16055821 and 58.
29
Calculate the highest common divisor of 2985 and 45075689.
199
Calculate the highest common divisor of 31620 and 209684868.
6324
What is the greatest common divisor of 1690 and 555860?
10
What is the highest common divisor of 72 and 362218968?
72
What is the highest common factor of 411 and 8051764?
137
What is the greatest common divisor of 187258581 and 20115?
4023
Calculate the highest common factor of 515 and 294481841.
103
Calculate the greatest common factor of 12 and 31576026.
6
Calculate the greatest common factor of 37318 and 404.
2
What is the greatest common divisor of 5660 and 399823532?
1132
Calculate the highest common divisor of 71245421 and 5681.
5681
What is the highest common factor of 18277 and 62867?
49
What is the highest common divisor of 139 and 7790255?
139
Calculate the greatest common divisor of 1801704 and 5904.
984
Calculate the greatest common factor of 14162735 and 5943.
283
Calculate the highest common factor of 7399140 and 60.
60
Calculate the highest common factor of 79802769 and 492.
123
Calculate the highest common factor of 2665085 and 4.
1
What is the highest common factor of 73810 and 185810?
10
Calculate the greatest common factor of 688506 and 30846.
582
What is the highest common divisor of 436280232 and 284?
284
Calculate the highest common divisor of 138463204 and 4184.
2092
What is the greatest common factor of 2772 and 727037388?
2772
Calculate the greatest common divisor of 22 and 985918714.
22
What is the greatest common factor of 79320948 and 42?
42
What is the greatest common factor of 3717550 and 2086?
298
What is the greatest common divisor of 4452062 and 339660?
1258
Calculate the greatest common factor of 13152 and 205500.
1644
What is the highest common divisor of 28175 and 2856945?
5635
What is the highest common factor of 99 and 16909893?
99
Calculate the highest common factor of 70400 and 262515.
55
Calculate the greatest common divisor of 240 and 20094320.
80
What is the greatest common factor of 3618170 and 114?
38
What is the greatest common divisor of 431210 and 2665?
65
What is the highest common divisor of 160 and 20418520?
40
What is the highest common divisor of 177751540 and 13168?
3292
Calculate the greatest common factor of 459591496 and 3276.
364
Calculate the greatest common divisor of 15552 and 1616436.
972
What is the greatest common factor of 528201 and 7911?
27
What is the greatest common factor of 491954604 and 5866?
838
Calculate the greatest common divisor of 33100 and 1976732.
1324
What is the greatest common divisor of 204 and 8833659?
51
What is the highest common factor of 172591 and 866181?
1613
What is the highest common factor of 20850 and 1986310?
1390
What is the highest common divisor of 6808 and 5911046?
1702
Calculate the greatest common factor of 1075136 and 780244.
428
What is the highest common factor of 292 and 403002121?
73
Calculate the greatest common divisor of 70 and 970010.
10
What is the highest common factor of 1482 and 39237432?
1482
Calculate the greatest common divisor of 14755845 and 45.
15
Calculate the greatest common divisor of 2026539 and 15760.
197
What is the greatest common divisor of 583338 and 51306?
102
Calculate the greatest common factor of 987 and 788190.
141
What is the highest common divisor of 11996089 and 923?
71
What is the greatest common factor of 330044625 and 1480?
185
What is the greatest common factor of 583601664 and 48?
48
Calculate the highest common divisor of 8390 and 18690.
10
Calculate the greatest common factor of 54 and 21045340.
2
Calculate the greatest common factor of 49240305 and 23895.
405
What is the highest common divisor of 20768 and 935209?
649
What is the highest common factor of 1672 and 35802384?
152
What is the highest common divisor of 1360810 and 1060570?
1390
What is the greatest common factor of 1837 and 283399?
167
Calculate the highest common factor of 7416 and 157796.
412
What is the highest common divisor of 106137055 and 1895?
1895
Calculate the greatest common factor of 151088 and 92188.
76
Calculate the greatest common factor of 77 and 123334827.
77
Calculate the highest common divisor of 189 and 38697696.
27
Calculate the greatest common divisor of 1070801 and 517.
47
Calculate the highest common divisor of 151177 and 1925201.
401
What is the greatest common factor of 171 and 1114128?
9
Calculate the highest common divisor of 2484 and 861051.
69
What is the highest common factor of 6171674 and 814?
74
What is the highest common divisor of 89873 and 15701?
7
What is the greatest common divisor of 23849 and 8197?
7
Calculate the highest common divisor of 17007243 and 5511.
33
Calculate the highest common divisor of 12716 and 56602384.
1156
Calculate the greatest common divisor of 2850 and 3095670.
570
Calculate the highest common divisor of 2368 and 460328.
8
What is the greatest common factor of 16 and 263223?
1
Calculate the highest common divisor of 18069107 and 31430.
3143
What is the greatest common factor of 3020 and 2231620?
20
What is the greatest common divisor of 248 and 137176953?
31
Calculate the highest common divisor of 1689699 and 132.
33
Calculate the highest common factor of 306482 and 5126.
22
Calculate the greatest common divisor of 312154 and 32877161.
9181
What is the highest common factor of 4386 and 2628246?
258
Calculate the highest common factor of 18151969 and 55.
11
What is the greatest common divisor of 3792 and 163388748?
948
What is the greatest common divisor of 59704398 and 1144?
26
Calculate the highest common divisor of 48408224 and 36632.
1928
Calculate the greatest common factor of 14 and 187458.
2
Calculate the greatest common factor of 2845496 and 230976.
3208
What is the highest common divisor of 34399703 and 265?
53
What is the greatest common divisor of 92168 and 956?
4
What is the greatest common divisor of 158 and 16890121?
79
Calculate the greatest common factor of 33 and 164003213.
11
What is the greatest common factor of 5843882 and 25532?
982
What is the highest common divisor of 91618133 and 133?
19
What is the greatest common divisor of 886 and 409691273?
443
Calculate the greatest common divisor of 7 and 2235191.
7
What is the greatest common divisor of 837 and 155992?
31
What is the greatest common factor of 108072 and 17066370?
9006
What is the greatest common factor of 353566 and 153?
17
What is the highest common factor of 1035 and 172530?
45
What is the greatest common factor of 17325 and 141847860?
1155
Calculate the highest common factor of 510 and 4670937.
51
Calculate the highest common divisor of 24785952 and 174.
174
Calculate the greatest common factor of 323340787 and 154.
77
Calculate the greatest common divisor of 740 and 8660.
20
Calculate the highest common factor of 19750 and 260621.
79
What is the highest common factor of 30715437 and 948?
237
What is the greatest common divisor of 39033 and 34803?
9
Calculate the greatest common factor of 155803589 and 102.
17
What is the greatest common divisor of 3143098 and 6331?
487
What is the greatest common factor of 336126 and 1163456?
742
Calculate the greatest common factor of 3135326 and 98583.
1933
What is the greatest common divisor of 175 and 3058290550?
175
What is the greatest common factor of 195358 and 184546?
106
Calculate the greatest common factor of 1505469 and 2618.
119
What is the highest common factor of 420 and 5091470?
10
What is the greatest common divisor of 13157 and 34565?
223
Calculate the greatest common divisor of 785 and 2928364.
157
What is the greatest common divisor of 645755 and 3835?
295
What is the greatest common divisor of 6188 an